se 0 = -25*l + 30*l - 63290. Let x = 17745 - l. Is x composite?
False
Let l(k) = 10257*k**2 + 5*k + 3. Let z be l(2). Suppose z = -12*x + 264853. Is x a prime number?
False
Suppose -3*t + 3*n = -123039, 4*n - 137429 - 67600 = -5*t. Suppose -6*c + 278651 = t. Is c a prime number?
True
Is 159/(-265) - (-1 + (-100959)/15) a composite number?
True
Let u = -3234 - -6722. Is 15/(-105) - u/(-14) a prime number?
False
Let z(b) = b**2 - 6*b + 2. Suppose 36 = -2*h + 8*h. Let x be z(h). Is 417*x/(-30)*-5 composite?
False
Let o(y) = -13 + 5*y + 5 - 13. Let z be ((-1211)/(-56) - 10) + 3/8. Is o(z) a prime number?
False
Suppose o + 197968 = -6*o + 23*o. Is o a composite number?
False
Let c(v) = 93*v**2 + 17*v - 57. Let o be c(8). Is 5 + -6 + o + 1 prime?
False
Let m(l) = 2*l**2 - 7*l + 1. Let r be m(3). Is (-1361)/r + 1/2 prime?
False
Is (-4 - (10 - 13))/((-3)/389406) prime?
False
Suppose -6*g + 403 = -17. Suppose 5*s - 20 = s. Suppose l + 4*m + g = 243, -l = s*m - 172. Is l a composite number?
True
Suppose g - 242777 = 2*d, -4*g - 37*d = -42*d - 971108. Is g composite?
True
Suppose 0 = 100*n + 150873 - 1439773. Is n a prime number?
True
Let l(g) = g**3 - 10*g**2 - 144*g - 92. Is l(49) composite?
False
Let t(i) = 1974*i + 2619. Is t(23) prime?
False
Suppose -20*x = -23*x - b + 738615, 5*x + 5*b = 1231045. Is x composite?
False
Is (-349521)/(-2)*(4 - (-5 - (-75)/9)) composite?
False
Let m(q) = 2*q**3 - 10*q**2 + 24*q - 12. Let j be m(17). Suppose 45*a = 33*a + j. Is a a composite number?
True
Suppose w - 2092819 - 556199 = -4*y, 3*y - 1986752 = 5*w. Is y a composite number?
True
Let c(x) = 7*x + 14 - 2 + 1 + 103*x**2 - 8 - 6. Is c(-20) prime?
False
Let h(q) = 8*q**2 + 66*q - 46. Is h(-64) a prime number?
False
Let n = 670 + -635. Suppose 5*m = 2*a + 115527, 0 = -30*m + n*m - a - 115526. Is m prime?
False
Let i be 3042*(-4)/(0 + -8). Let g(d) = -d**3 - 44*d**2 + 42*d - 143. Let r be g(-45). Let u = r + i. Is u a composite number?
True
Let b(f) = f**3 + 3*f**2 + 5*f + 13. Let o be b(-3). Is ((-34)/(-4) + o)/(4/18152) a composite number?
True
Suppose 0 = f - 0 - 2. Let o(k) = -4*k**2 + 9*k**2 + 27 - k**3 + 2*k**2 + 4*k**f + 5*k. Is o(11) prime?
False
Suppose -3*x + 3*u - 723 = 0, 5*x - 3*u + 962 = x. Let a = 1578 - x. Is a prime?
False
Suppose 42*m - 45*m + 15 = 0. Suppose 12*q + 2*f - 12552 = 8*q, m*f + 9401 = 3*q. Is q composite?
False
Suppose 15*l + 0 = 30. Is (0 - 2114)/(5 - (l - -5)) a composite number?
True
Suppose -1376*s + 1406*s - 3757830 = 0. Is s a prime number?
True
Let u be (-4869)/(-2) + (-7)/(-14). Let c(b) = b**3 + 49*b**2 + 46*b - 70. Let f be c(-48). Suppose u = 31*o - f*o. Is o prime?
True
Suppose 6*h - 9*h + 338307 = 2*u, 2*u - 225538 = -2*h. Is h a prime number?
False
Let j be ((-12)/(-14))/(78/182). Suppose -22510 = -2*v - 2*v - 2*b, 2*v - j*b - 11252 = 0. Is v prime?
False
Let c(t) = 10*t**3 - 6*t**2 + 5*t - 20. Let w be c(8). Suppose w = 3*d - 9407. Is d prime?
True
Let z = -463 - -467. Suppose -5*j - 2812 = o - 70126, 0 = -3*j + z*o + 40393. Is j a prime number?
True
Let m(l) = 5390*l + 955. Is m(5) a composite number?
True
Suppose 5*p - 2*a = -6*a + 28, 8 = p + 2*a. Suppose -983 = -p*l + 805. Is l composite?
True
Suppose g + 3*u - 3 = 14, -g + 5*u + 33 = 0. Let f = 28 - g. Suppose -f*d + 328 = -57. Is d a prime number?
False
Suppose 4*t = 3*u + 7295, -4*t = 2*u - 7487 + 197. Is t a composite number?
False
Let z be 28/13 + 2/(-13). Is ((-4751)/z)/(4/(-8)) prime?
True
Suppose -16884475 + 2725800 = 78*c - 103*c. Is c composite?
False
Let a(s) = 6*s**2 + 7*s + 9. Suppose 4*f = 11 + 113. Suppose 0*y + 3*y + 5*p = 15, -3*p + f = 4*y. Is a(y) composite?
True
Let p(h) = -3090*h - 181. Is p(-7) a prime number?
False
Let x be 98/(-4)*(-30)/35*-7. Is 84/x + (-12314)/(-14) a composite number?
True
Suppose -s = -o + 2, 2*s - 2*o = o - 6. Suppose 4*j + 5*d + 3 = -s, d = j - 6. Suppose -k + 486 = -0*i + j*i, 20 = 4*i. Is k a composite number?
True
Suppose b = -5*f + 290, 4*b + 27*f - 22*f - 1070 = 0. Let o(u) = u**2 - 2*u - 2. Let s be o(-5). Let x = b + s. Is x prime?
True
Let f = -4629 - -2408. Let u = f - -4194. Is u prime?
True
Let q = 1309 - -717. Suppose -5*b = -q - 3339. Is b prime?
False
Let w be 161919/15 - (-3)/(-5). Let p = w - -1067. Is p a composite number?
True
Let d = -5968 - -3376. Suppose -15 = v + 51. Is d/(-22) + (-12)/v composite?
True
Suppose -3*r + 14*w + 183331 = 13*w, 183325 = 3*r - 4*w. Is r composite?
True
Let m be ((-5)/3)/(215/(-516)). Suppose -b = f - 1936, b - 9675 = -m*b - 4*f. Is b composite?
False
Suppose 3484568 = 4*b + 5*k, 5*b - 3444293 = -k + 911438. Is b composite?
False
Suppose -3*c + 8*c = 215. Let f = c + -38. Suppose f*j - 726 = -m, j + m = 96 + 50. Is j prime?
False
Let v be (32/(-6) + 2)*-3. Let u(x) = 8*x + 6 + x**2 + v + 6*x. Is u(-25) composite?
True
Let o = -184 + 466. Suppose 0 = -2*z - 14 - o. Is (-16)/((-584)/z + -4) - 3 composite?
False
Suppose -47*o = -109*o + 9409678. Is o a composite number?
False
Let u(j) = 1. Let w(p) = 811*p - 66. Let z(y) = 4*u(y) - w(y). Is z(-7) a prime number?
False
Suppose 96*s + 541582 = 14282734. Is s prime?
True
Suppose -3*y = -161 + 143. Is (-14 + y + 6646)/(4/2) prime?
True
Let v(m) = 9*m**2 - 107*m + 333. Is v(-49) a prime number?
False
Suppose 23*c - 8066130 = -2724173. Is c prime?
True
Suppose 4*y = 5*u - 7, 0 = 3*u + 3*y + 17 - 5. Let k be (-3419)/(-39)*(-24)/u. Let l = -1323 + k. Is l a prime number?
False
Let n = -34 + 36. Suppose 0 = -n*j + 2902 + 2350. Suppose -3*w - t + j = 0, -3*t + 8*t + 1779 = 2*w. Is w a composite number?
False
Suppose 7*d + 9085 = 2*a + 4*d, -5*a = 5*d - 22650. Is a composite?
True
Suppose 5*d = 4*f + 195, 3*f - 68 = -d - 2*f. Let t = d - 40. Is ((-314)/8 + 0)/(t/(-12)) a composite number?
False
Suppose -5*x - 2 = -2*c, 4*c + x + 0*x = -18. Let k be ((-20)/25)/(c/2090). Suppose 0 = -6*v + 296 + k. Is v a composite number?
True
Let j(t) = 4*t**2 + 2*t - 3. Let i be j(2). Suppose 5*f = -4*q - 9 + 28, 2*q - i = -5*f. Is 882*1 - 9/f a prime number?
False
Suppose 44*l + b = 49*l - 1181332, -l + 4*b + 236255 = 0. Is l composite?
True
Let j = 15029 - -864. Is j composite?
True
Let s = -1212 - -4512. Suppose 0 = 4*m - 2*a - 13970, m = 3*a + 200 + s. Suppose -827 - m = -2*u. Is u a composite number?
True
Let o(w) = -w**3 + 5*w**2 + 12*w - 4. Let n be o(7). Is (-66318)/4*12/n composite?
True
Let v(t) = 16*t**2 - 6 - t**2 + 2*t - 48 + 61*t**2 - 1. Is v(14) a composite number?
False
Suppose -d - q = -442, -251 - 181 = -d + q. Is d composite?
True
Suppose -29*q + 3*p + 15077 = -33*q, 11294 = -3*q - 5*p. Let l = 1266 - q. Is l a composite number?
False
Suppose -4*t - 186846 = -2*k, -105473 = -2*k - 3*t + 81422. Is k a prime number?
False
Suppose 665265 = -60*c + 75*c. Is c prime?
True
Let c be (-6)/(-10) - 72/(-30). Suppose 0 = -c*a + 2*a + 1, 3*a - 1395 = -4*i. Suppose -d + 4*d = 5*l + i, 4*d + 5*l = 429. Is d composite?
True
Let p(c) = -c**3 - 17*c**2 + 14*c - 13. Suppose -16*w + 46 = -2*m - 21*w, 0 = -m + 2*w - 32. Is p(m) prime?
True
Let c(f) = -13103*f + 260. Is c(-9) a composite number?
True
Let d(c) = 421*c**2 + 8*c + 1. Let s be (24/(-30))/(-1 + 7/5). Let q be d(s). Suppose 8*j = q + 83. Is j composite?
True
Let c(x) = 4*x + 10 - 7*x + 2*x + 3*x**3. Let i be c(3). Is 2/(-22)*-2 - (-61144)/i a prime number?
False
Suppose 4*l = b - 77365, -206*b + 204*b - l = -154784. Is b a prime number?
False
Let i(q) = 12*q**2 + 28*q - 39. Let a(m) = m**2 + m - 20. Let g be a(0). Is i(g) composite?
False
Let m(q) be the third derivative of q**5/15 - 7*q**4/24 + 3*q**3/2 - 2*q**2 - 16. Is m(5) composite?
True
Is 56999 - (4 + 39/(-13) - (0 - 5)) a composite number?
False
Suppose 9*k - 10*k = -2. Suppose 7*r + k = 16. Suppose -t + 5*v = -683, -r*v + 1585 = 4*t - 1103. Is t prime?
True
Let w(p) be the second derivative of 5*p**3/3 + 737*p**2/2 - 9*p. Let z = -228 + 228. Is w(z) composite?
True
Suppose -2*q - 26 = -15*q. Suppose -r = -3*g + 7, -2*r = -0*r - 10. Suppose -q*h = g*y - 670, -h + y = 4*h - 1686. Is h a prime number?
True
Let n be ((-44)/77)/((-2)/14). Is 556/n + 0 + 5 + -1 composite?
True
Suppose -2113 = 15*d - 20*d - a, 5*a - 1682 = -4*d. Suppose 6*v - v + 570 = 2*w, 4*v + 454 = 2*w. Let m = d + v. Is m a prime number?
True
Let q(r) be the first